
Let q(z) = -z**3 - 3*z**2 + 10*z + 13. Determine q(-4).
-11
Let l(w) = -w**2 - 3*w. Give l(-2).
2
Let q(n) = n**3 + 7*n**2 + 5*n + 10. Give q(-7).
-25
Let r(c) = 12*c - 94. Give r(7).
-10
Let m(d) = -d**2 - 12*d + 14. Give m(-13).
1
Let w(m) = m**2 + 24*m + 79. Determine w(-22).
35
Let j(x) = 16*x - 3. Determine j(-1).
-19
Let s(p) = -p - 8. Give s(-6).
-2
Let j(g) = -g**2 + 43*g + 405. What is j(51)?
-3
Let s(m) = 6*m + 23. Determine s(11).
89
Let f(p) = -p**3 + 4*p - 6. What is f(3)?
-21
Let s(y) = -3*y. Calculate s(-10).
30
Let r(v) = 5*v**2 + 31*v. Determine r(-7).
28
Let o(m) = -m**2 + 2*m - 5. Give o(0).
-5
Let d(z) = -2*z**2 + 5*z + 4. What is d(4)?
-8
Let q(f) = 2*f**3 - f**2 - 3*f - 3. Calculate q(3).
33
Let p(h) = h**3 - h. Calculate p(2).
6
Let d(o) = -6*o**2 - 23*o + 2. Calculate d(-4).
-2
Let o(y) = -2*y**3 - 23*y**2 - 31*y + 8. Calculate o(-10).
18
Let z(t) = 3*t - 72. Determine z(24).
0
Let i(u) = -u + 45. Calculate i(16).
29
Let q(t) = 2*t**2 + 17*t - 4. Determine q(-9).
5
Let r(s) = -63*s + 5. What is r(-1)?
68
Let s(w) = -w**3 - 2*w**2 - 3*w. Calculate s(-2).
6
Let s(v) = -v**3 - 22*v**2 + 2*v + 48. Determine s(-22).
4
Let j(y) = -y**3 + 2*y**2 + 4*y. Calculate j(3).
3
Let a(f) = -f**2 - 4*f + 357. Determine a(-21).
0
Let v(i) = -i**3 + 11*i**2 - 5*i - 8. Calculate v(5).
117
Let f(y) = -y**3 - 2*y**2 - 2*y - 1. Give f(-2).
3
Let i(a) = -a + 21. Determine i(15).
6
Let a(g) = 3*g + 75. Give a(-25).
0
Let k(o) = -16*o + 25. Calculate k(5).
-55
Let p(l) = -l**3 - 6*l**2 + 3*l + 1. Give p(-6).
-17
Let z(g) = g**3 + 8*g**2 - 9*g + 6. Determine z(-9).
6
Let l(w) = w**2 + 7*w + 3. Calculate l(-6).
-3
Let q(o) = -2*o**3 - 16*o**2 + 17*o - 13. What is q(-9)?
-4
Let w(y) = -y**2 - 7*y - 8. What is w(-7)?
-8
Let a(j) = -4*j - 17. Calculate a(-7).
11
Let k(q) = -q**3 - 9*q**2 + 39*q + 23. What is k(-12)?
-13
Let i(l) = -l**2 + 6*l + 3. Determine i(6).
3
Let m(u) = 7*u**2 - u + 4. Determine m(0).
4
Let t(a) = -21*a + 31. Calculate t(2).
-11
Let l(g) = 2*g**3 - 5*g**2 - 6*g - 7. Determine l(5).
88
Let a(f) = f**2 + 6*f. Determine a(-3).
-9
Let v(p) = -p**3 + 16*p**2 - 15*p - 16. Determine v(15).
-16
Let g(j) = -2*j + 1. Give g(-2).
5
Let i(k) = k**2 - 70*k + 1184. Give i(41).
-5
Let n(z) = z**3 - 2*z**2 - 7*z + 10. Calculate n(4).
14
Let w(q) = 3*q + 14. Determine w(-9).
-13
Let j(y) = 4*y**2 + 58*y - 20. Calculate j(-15).
10
Let t(k) = -k - 5. What is t(-2)?
-3
Let d(w) = -64*w - 29. Determine d(0).
-29
Let a(t) = -t**3 - 3*t - 6. What is a(-5)?
134
Let i(o) = -2*o**3 + 14*o**2 - 4*o - 3. Calculate i(7).
-31
Let c(j) = 2*j**2 + 24*j + 39. Calculate c(-6).
-33
Let f(w) = 2*w - 24. Give f(11).
-2
Let j(c) = -25*c**2. Determine j(-1).
-25
Let o(f) = -f**3 - 6*f**2 - 8*f - 5. Determine o(-5).
10
Let l(q) = q**3 + 11*q**2 + 10. What is l(-11)?
10
Let o(n) = n**2 - 4*n - 79. Give o(11).
-2
Let u(p) = 4*p - 5. What is u(4)?
11
Let j(a) = -a**3 + a**2 + 5*a - 6. What is j(2)?
0
Let f(z) = 7*z**2 - 75*z - 24. What is f(11)?
-2
Let c(y) = -2*y**2 + 9*y + 120. Determine c(-6).
-6
Let z(j) = 9*j + 83. What is z(-10)?
-7
Let a(i) = -i**3 - 10*i**2 + 12*i - 3. Calculate a(-11).
-14
Let j(q) = -q**2 + 8*q - 17. Give j(11).
-50
Let l(p) = 37*p + 262. Determine l(-7).
3
Let k(i) = i**3 + 26*i**2 + 33*i + 194. Determine k(-25).
-6
Let h(c) = -2*c - 22. What is h(-8)?
-6
Let p(f) = 3*f**3 + 5*f**2 + 5*f + 8. What is p(-2)?
-6
Let k(v) = 6*v - 8. Give k(3).
10
Let w(x) = x**2 + 3*x + 2. What is w(-4)?
6
Let i(v) = v**3 + 7*v**2 - 2*v - 10. Calculate i(-7).
4
Let i(c) = -c**3 + 9*c**2 + 15*c - 15. Give i(10).
35
Let x(v) = 6*v + 38. Determine x(-4).
14
Let o(w) = 61*w + 244. Give o(-4).
0
Let u(l) = -4*l**2 + 84*l + 193. What is u(23)?
9
Let f(n) = n**3 - 14*n**2 - 32*n + 2. Give f(16).
2
Let v(k) = -k**3 - 7*k**2 - 26*k - 78. Give v(-5).
2
Let z(o) = 21*o + 2. Determine z(0).
2
Let z(m) = 14*m**2 - 3*m + 3. Determine z(-2).
65
Let w(g) = 29*g - 49. Determine w(3).
38
Let z(i) = -21*i**2 + 10. Calculate z(-2).
-74
Let n(u) = -u**3 + u**2 + 13*u + 1. Determine n(-3).
-2
Let d(p) = p**2 - 12*p + 8. Determine d(11).
-3
Let x(l) = l**2 - 6*l - 22. Determine x(9).
5
Let o(g) = g**3 - 8*g**2 + 7*g. What is o(6)?
-30
Let t(f) = 2*f + 1. Calculate t(2).
5
Let a(v) = -v**3 + 6*v**2 + v + 25. Give a(6).
31
Let o(t) = t**2 + 11*t + 24. Give o(-3).
0
Let n(w) = 2*w**2 + 1. Determine n(2).
9
Let i(n) = -n**2 - 3*n + 2. Determine i(-3).
2
Let x(o) = -o**3 + 10*o**2 - 15*o + 147. Give x(10).
-3
Let r(z) = 10*z - 40. Give r(5).
10
Let g(i) = 3*i**3 - 3*i**2 - 12*i + 12. Give g(1).
0
Let d(h) = -h**3 - 4*h**2 + 5. Give d(-4).
5
Let f(h) = h**3 + 3*h**2 - 4*h - 3. Calculate f(-4).
-3
Let h(u) = -u**2 - 13*u - 6. Determine h(-12).
6
Let i(y) = y**3 - 4*y**2 + 12*y - 21. Determine i(2).
-5
Let b(m) = m**2 + m. Determine b(-3).
6
Let b(l) = 7*l - 8. What is b(2)?
6
Let u(w) = -w**2 + 5*w - 15. What is u(6)?
-21
Let p(d) = 21*d - 1. Give p(-2).
-43
Let p(y) = y**2 - 3*y + 4. What is p(5)?
14
Let n(x) = -3*x + 1. Give n(2).
-5
Let y(b) = -48*b - 291. What is y(-6)?
-3
Let l(w) = -w**3 + 18*w**2 + 42*w - 34. Determine l(20).
6
Let j(q) = q**2 - 22*q + 102. Determine j(7).
-3
Let o(c) = -11*c**2 - c. What is o(-1)?
-10
Let r(v) = -18*v**2. Give r(-2).
-72
Let m(n) = 2*n + 21. Give m(-14).
-7
Let n(y) = y - 10. What is n(17)?
7
Let q(m) = 2*m**2 - 5*m - 3. Calculate q(3).
0
Let i(t) = -6*t + 6. Give i(-9).
60
Let r(o) = o**3 + 11*o**2 - 12*o + 6. What is r(-12)?
6
Let q(n) = 21*n**3 - n**2 + 2*n - 1. Determine q(1).
21
Let g(j) = 2*j**3 - 12*j**2 - 27*j - 31. Determine g(8).
9
Let x(n) = -7*n**3 - n**2 + 4*n + 3. Calculate x(-1).
5
Let j(i) = 3*i**2 + 4*i - 33. Give j(-6).
51
Let c(r) = -25*r + 224. Calculate c(8).
24
Let l(p) = p**3 - 9*p**2 - 3*p + 10. Calculate l(9).
-17
Let b(h) = -16*h. Calculate b(2).
-32
Let t(n) = -n**3 - n**2 - n + 2. What is t(-3)?
23
Let w(i) = -i**3 - 7*i**2 - 5. Determine w(-7).
-5
Let f(g) = -4*g**3 + 3*g**2 + g + 1. Calculate f(2).
-17
Let m(v) = 2*v**3 - 6*v**2 + 3*v. Determine m(3).
9
Let h(g) = g**2 + 8*g + 7. Calculate h(-3).
-8
Let l(q) = q + 18. Calculate l(-12).
6
Let v(n) = n**3 - 14*n**2 + 14*n - 18. Calculate v(13).
-5
Let k(z) = -3*z**3 + 17*z**2 - z - 43. Give k(5).
2
Let z(a) = -a**3 + 11*a**2 + 12*a - 24. What is z(12)?
-24
Let k(n) = 8*n + 4. Calculate k(5).
44
Let i(k) = k**3 + 8*k**2 + 3*k + 13. Calculate i(-7).
41
Let r(u) = -u**3 - 10*u**2 - 8*u + 27. Determine r(-8).
-37
Let u(z) = -2*z**2 - 45*z + 17. Determine u(-23).
-6
Let x(c) = c**2 - 21*c + 42. Calculate x(19).
4
Let d(o) = 11*o - 49. Give d(4).
-5
Let k(y) = -5*y**3 - y**2 - 4*y - 3. What is k(-2)?
41
Let y(u) = u**2 + 7*u - 19. Determine y(-9).
-1
Let x(f) = -3*f**2 - 47*f - 170. What is x(-6)?
4
Let y(j) = 13*j + 1. What is y(5)?
66
Let u(h) = 10*h + 496. What is u(-51)?
-14
Let h(j) = 2*j**3 + 12*j**2 + 9*j + 1. Give h(-4).
29
Let a(j) = j**2 - 25*j + 37. Give a(23).
-9
Let s(p) = -p**3 + 9*p**2 - 2*p + 12. Calculate s(9).
-6
Let l(c) = 7*c**2 + 29*c + 33. What is l(-2)?
3
Let h(g) = -g - 3. Determine h(10).
-13
Let z(g) = g**3 - 12*g**2 + 12*g - 5. What is z(11)?
6
Let f(l) = l**3 - 5*l**2 - 6*l - 5. What is f(6)?
-5
Let q(t) = t**2 + 14*t + 11. Determine q(-20).
131
Let l(p) = p**2 - 11*p - 107. Give l(17).
-5
Let c(v) = 84*v + 338. What is c(-4)?
2
Let t(x) = -71*x - 496. What is t(-7)?
1
Let u(i) = -2*i + 2. Determine u(-3).
8
Let d(c) = -c**2 + c - 1. Determine d(5).
-21
Let j(c) = c + 33. Determine j(-31).
2
Let u(z) = -z**2 - 8*z - 6. What is u(-7)?
1
Let n(u) = -2*u**2 + 29*u + 32. Determine n(16).
-16
Let l(d) = d**3 + 14*d**2 - 15*d - 16. Determine l(-15).
-16
Let m(f) = -3*f**2 - 3*f + 1. Determine m(-3).
-17
Let p(z) = -z**2 - 2*z + 92. Give p(0).
92
Let y(o) = -o**2 + 8*o - 6. Determine y(9).
-15
Let i(k) = -6*k + 25. Calculate i(12).
-47
Let c(z) = -4*z**2 - 3*z + 2. Give c(-3).
-25
Let q(y) = -y**2 + 11*y - 14. What is q(9)?
4
Let x(c) = -2*c + 2. Give x(-2).
6
Let c(s) = -s**3 - s**2 - 3*s - 4. Determine c(-2).
6
Let b(f) = 9*f + 30. What is b(5)?
75
Let u(s) = 2*s**3 + 11*s**2 - 6*s + 13. Give u(-6).
13
Let l(h) = -2*h**2 + 7. Calculate l(5).
-43
Let b(r) = r**3 + 4*r**2 - 2*r - 14. What is b(-5)?
-29
Let s(p) = -p**2 - 11*p - 27. Calculate s(-5).
3
L